{"id":997,"date":"2021-03-29T17:45:07","date_gmt":"2021-03-29T15:45:07","guid":{"rendered":"https:\/\/easy-depol.com\/?page_id=997"},"modified":"2021-03-31T13:14:24","modified_gmt":"2021-03-31T11:14:24","slug":"politique-de-protection-des-donnees-personnelles","status":"publish","type":"page","link":"https:\/\/easy-depol.com\/index.php\/politique-de-protection-des-donnees-personnelles\/","title":{"rendered":"Politique de protection des donn\u00e9es personnelles"},"content":{"rendered":"<p>[et_pb_section fb_built=\u00a0\u00bb1&Prime; custom_padding_last_edited=\u00a0\u00bbon|tablet\u00a0\u00bb admin_label=\u00a0\u00bbServices\u00a0\u00bb _builder_version=\u00a0\u00bb3.22&Prime; custom_margin=\u00a0\u00bb|||\u00a0\u00bb custom_padding=\u00a0\u00bb0|0px|0|20%|false|false\u00a0\u00bb custom_padding_tablet=\u00a0\u00bb|||0%\u00a0\u00bb custom_padding_phone=\u00a0\u00bb\u00a0\u00bb][et_pb_row use_custom_gutter=\u00a0\u00bbon\u00a0\u00bb gutter_width=\u00a0\u00bb1&Prime; _builder_version=\u00a0\u00bb4.9.2&Prime; background_color=\u00a0\u00bb#f7f7f7&Prime; width=\u00a0\u00bb100%\u00a0\u00bb max_width=\u00a0\u00bb100%\u00a0\u00bb custom_margin=\u00a0\u00bb||||false\u00a0\u00bb custom_padding=\u00a0\u00bb3%|10%|3%|10%|true|true\u00a0\u00bb hover_enabled=\u00a0\u00bb0&Prime; use_custom_width=\u00a0\u00bbon\u00a0\u00bb width_unit=\u00a0\u00bboff\u00a0\u00bb custom_width_percent=\u00a0\u00bb100%\u00a0\u00bb border_radii=\u00a0\u00bbon|15px|15px|15px|15px\u00a0\u00bb sticky_enabled=\u00a0\u00bb0&Prime;][et_pb_column type=\u00a0\u00bb4_4&Prime; _builder_version=\u00a0\u00bb3.25&Prime; custom_padding=\u00a0\u00bb|||\u00a0\u00bb custom_padding__hover=\u00a0\u00bb|||\u00a0\u00bb][et_pb_text content_tablet=\u00a0\u00bb<\/p>\n<h2 style=%22text-align: left;%22>Qui sommes-nous<\/h2>\n<p>\u00a0\u00bb content_phone=\u00a0\u00bb<\/p>\n<h2 style=%22text-align: left;%22>Qui sommes-nous<\/h2>\n<p>\u00a0\u00bb content_last_edited=\u00a0\u00bbon|phone\u00a0\u00bb _builder_version=\u00a0\u00bb4.9.2&Prime; text_font=\u00a0\u00bb||||||||\u00a0\u00bb header_font=\u00a0\u00bb||||||||\u00a0\u00bb header_font_size=\u00a0\u00bb35px\u00a0\u00bb header_2_font=\u00a0\u00bbRubik|700|||||||\u00a0\u00bb header_2_font_size=\u00a0\u00bb42px\u00a0\u00bb header_2_line_height=\u00a0\u00bb1.2em\u00a0\u00bb module_alignment=\u00a0\u00bbcenter\u00a0\u00bb custom_margin=\u00a0\u00bb|||\u00a0\u00bb custom_padding=\u00a0\u00bb|||\u00a0\u00bb header_2_font_size_tablet=\u00a0\u00bb\u00a0\u00bb header_2_font_size_phone=\u00a0\u00bb36px\u00a0\u00bb header_2_font_size_last_edited=\u00a0\u00bbon|phone\u00a0\u00bb locked=\u00a0\u00bboff\u00a0\u00bb]<\/p>\n<h1><strong>Politique de protection des donn\u00e9es personnelles<\/strong><\/h1>\n<p>[\/et_pb_text][et_pb_divider color=\u00a0\u00bb#ffb400&Prime; divider_position=\u00a0\u00bbcenter\u00a0\u00bb divider_weight=\u00a0\u00bb5px\u00a0\u00bb _builder_version=\u00a0\u00bb3.9&Prime; max_width=\u00a0\u00bb50px\u00a0\u00bb locked=\u00a0\u00bboff\u00a0\u00bb][\/et_pb_divider][et_pb_text _builder_version=\u00a0\u00bb4.9.2&Prime; text_font=\u00a0\u00bb||||||||\u00a0\u00bb text_font_size=\u00a0\u00bb15px\u00a0\u00bb text_line_height=\u00a0\u00bb1.9em\u00a0\u00bb custom_padding=\u00a0\u00bb|||\u00a0\u00bb custom_padding_tablet=\u00a0\u00bb|40px||40px||true\u00a0\u00bb custom_padding_last_edited=\u00a0\u00bboff|desktop\u00a0\u00bb locked=\u00a0\u00bboff\u00a0\u00bb]<\/p>\n<p>La soci\u00e9t\u00e9 EASY DEPOL s\u2019engage \u00e0 ce que la collecte et le traitement de vos donn\u00e9es, effectu\u00e9s \u00e0 partir du site <a href=\"http:\/\/www.easy-depol.com\">www.easy-depol.com<\/a>, soient conformes au r\u00e8glement g\u00e9n\u00e9ral sur la protection des donn\u00e9es (RGPD) et \u00e0 la loi Informatique et Libert\u00e9s.<\/p>\n<p>Chaque formulaire limite la collecte des donn\u00e9es personnelles au strict n\u00e9cessaire (minimisation des donn\u00e9es) et indique notamment :<\/p>\n<ul>\n<li>Quels sont les objectifs du recueil de ces donn\u00e9es (finalit\u00e9s) ;<\/li>\n<li>Si ces donn\u00e9es sont obligatoires ou facultatives pour la gestion de votre demande ;<\/li>\n<li>Qui pourra en prendre connaissance (uniquement la soci\u00e9t\u00e9 EASY DEPOL, sauf pr\u00e9cision dans le formulaire lorsqu\u2019une transmission \u00e0 un tiers est n\u00e9cessaire \u00e0 la gestion de votre demande) ;<\/li>\n<li>Vos droits Informatique et Libert\u00e9s et la fa\u00e7on de les exercer aupr\u00e8s de la CNIL.<\/li>\n<\/ul>\n<p>Les donn\u00e9es personnelles recueillies dans le cadre des services propos\u00e9s sur <a href=\"http:\/\/www.easy-depol.com\">www.easy-depol.com<\/a> sont trait\u00e9es selon des protocoles s\u00e9curis\u00e9s et permettent \u00e0 la soci\u00e9t\u00e9 EASY DEPOL de g\u00e9rer les demandes re\u00e7ues dans ses applications informatiques.<\/p>\n<ol>\n<li><span style=\"text-decoration: underline;\"><strong>D\u00c9FINITIONS<\/strong><\/span><\/li>\n<\/ol>\n<p><strong>Cookies<\/strong>\u00a0: couvre l\u2019ensemble des fichiers texte non ex\u00e9cutables, traceurs, balises web et autres technologies, telles que les GIFs transparents, GIFs clairs ou web-bug, d\u00e9pos\u00e9s sur le navigateur du terminal (ordinateur, tablette, smartphone, etc.) par la soci\u00e9t\u00e9 EASY DEPOL, les Sous-traitants ou par des Partenaires, sous r\u00e9serve du consentement donn\u00e9 par l\u2019Utilisateur, lors de la poursuite de la navigation au sein des Services via les Sites et\/ou Applications. Les informations contenues dans ce fichier ne peuvent \u00eatre lues et\/ou modifi\u00e9es que par leur \u00e9metteur.<\/p>\n<p><strong>Donn\u00e9e(s) de Navigation<\/strong>\u00a0: d\u00e9signe toutes les donn\u00e9es qui se rapportent \u00e0 un terminal \u00e0 un instant donn\u00e9, m\u00eame si nous ne savons pas directement quel terminal vous utilisez, ni qui vous \u00eates \u00e0 un instant donn\u00e9. Au titre des Donn\u00e9e(s) de Navigation collect\u00e9e(s), les donn\u00e9es suivantes peuvent \u00eatre collect\u00e9es :<\/p>\n<ul>\n<li>L\u2019identification et le contenu d\u2019un fichier cookie stock\u00e9 par nos soins\/par nos Partenaires dans votre terminal ;<\/li>\n<li>L\u2019adresse IP du terminal connect\u00e9 au(x) Service(s) ;<\/li>\n<li>La date et l\u2019heure et la dur\u00e9e de connexion d\u2019un terminal \u00e0 un \u00e9l\u00e9ment de(s) Service(s) ;<\/li>\n<li>L\u2019adresse Internet de la page de provenance du terminal acc\u00e9dant au(x) Service(s) ;<\/li>\n<li>Le type de syst\u00e8me d\u2019exploitation du terminal (ex : Windows, MacOs, Linux, Unix, BeOS, etc.)<\/li>\n<li>Le type et la version du logiciel de navigation utilis\u00e9 par le terminal (Internet Explorer, Firefox, Safari, Chrome, Opera, etc.)<\/li>\n<li>Les possibles erreurs de t\u00e9l\u00e9chargement ;<\/li>\n<li>La langue d\u2019utilisation du logiciel de navigation utilis\u00e9 par le terminal.<\/li>\n<\/ul>\n<p><strong>Donn\u00e9e(s) Personnelle(s)<\/strong>\u00a0: d\u00e9signe toute information se rapportant \u00e0 une personne physique identifi\u00e9e ou identifiable, directement ou indirectement, notamment par r\u00e9f\u00e9rence \u00e0 un identifiant, tel qu\u2019un nom, un num\u00e9ro d\u2019identification, un identifiant en ligne, etc.<\/p>\n<p><strong>Partenaire(s)<\/strong>\u00a0: d\u00e9signe toute soci\u00e9t\u00e9, autre qu\u2019un Sous-Traitant, s\u00e9lectionn\u00e9e par la soci\u00e9t\u00e9 EASY DEPOL, avec laquelle elle a contractualis\u00e9, afin d\u2019encadrer la mise \u00e0 disposition et la protection des Donn\u00e9es Personnelles.<\/p>\n<p><strong>Service(s)<\/strong>\u00a0: d\u00e9signe tout service de communication au public en ligne et\/ou contenus mis \u00e0 disposition par la soci\u00e9t\u00e9 EASY DEPOL et notamment l\u2019envoi de candidatures spontan\u00e9es.<\/p>\n<p><strong>Site<\/strong>\u00a0: d\u00e9signe le service de communication au public en ligne, \u00e9dit\u00e9 par la soci\u00e9t\u00e9 EASY DEPOL, accessible par un Utilisateur via son terminal de connexion et localis\u00e9 \u00e0 l\u2019adresse URL <a href=\"http:\/\/www.easy-depol.com\">www.easy-depol.com<\/a> et\/ou \u00e0 toute autre adresse qui viendrait s\u2019y ajouter ou s\u2019y substituer.<\/p>\n<p><strong>Sous-Traitant(s)<\/strong>\u00a0: d\u00e9signe toute soci\u00e9t\u00e9 qui peut \u00eatre amen\u00e9e \u00e0 traiter des Donn\u00e9es Personnelles ou des Donn\u00e9es de Navigation, pour le compte de la soci\u00e9t\u00e9 EASY DEPOL, conform\u00e9ment aux instructions donn\u00e9es par celle(s)-ci.<\/p>\n<p><strong>Utilisateur<\/strong>\u00a0: d\u00e9signe toute personne physique de seize (16) ans ou plus, acc\u00e9dant aux Services, Sites, \u00e0 titre non professionnel et non commercial.<\/p>\n<ol start=\"2\">\n<li><span style=\"text-decoration: underline;\"><strong>IDENTIT\u00c9 ET COORDONN\u00c9ES DU RESPONSABLE DE TRAITEMENT<\/strong><\/span><\/li>\n<\/ol>\n<p>EASY DEPOL en tant que propri\u00e9taire du Site : 55 rue du Luttin \u2013 77580 VOULANGIS<br \/>OVH en tant qu\u2019h\u00e9bergeur du Site : 19 Place Fran\u00e7oise Dorin \u2013 75017 PARIS<\/p>\n<ol start=\"3\">\n<li><span style=\"text-decoration: underline;\"><strong>COLLECTE DE DONN\u00c9ES PERSONNELLES<\/strong><\/span><\/li>\n<\/ol>\n<p>Les Donn\u00e9es Personnelles sont collect\u00e9es et trait\u00e9es, gr\u00e2ce \u00e0 votre consentement par l\u2019acceptation des Conditions G\u00e9n\u00e9rales d\u2019Utilisation sur la base de notre int\u00e9r\u00eat l\u00e9gitime.<\/p>\n<p>Lors de l\u2019envoi d\u2019une candidature spontan\u00e9e par l\u2019interm\u00e9diaire du Site, l\u2019Utilisateur est inform\u00e9 de la collecte et du traitement de ses Donn\u00e9es Personnelles gr\u00e2ce \u00e0 une mention d\u2019information.<\/p>\n<p>L\u2019Utilisateur consent \u00e0 la collecte et au traitement de vos Donn\u00e9es Personnelles, selon les modalit\u00e9s pr\u00e9cis\u00e9es ci-apr\u00e8s, gr\u00e2ce \u00e0 l\u2019acceptation de la pr\u00e9sente Politique de Protection des Donn\u00e9es.<\/p>\n<ol start=\"4\">\n<li><span style=\"text-decoration: underline;\"><strong>DONN\u00c9ES PERSONNELLES COLLECT\u00c9ES<\/strong><\/span><\/li>\n<\/ol>\n<p>Les Donn\u00e9es Personnelles pouvant \u00eatre collect\u00e9es aupr\u00e8s de l\u2019Utilisateur sont notamment le nom, le pr\u00e9nom, l\u2019adresse, l\u2019email, le num\u00e9ro de t\u00e9l\u00e9phone, les informations relatives \u00e0 la vie professionnelle (CV et lettres de motivation).<\/p>\n<p>Lors de la navigation sur le Site, la soci\u00e9t\u00e9 EASY DEPOL\u00a0est susceptible de recueillir, conform\u00e9ment \u00e0 la l\u00e9gislation applicable en vigueur et avec le consentement de l\u2019Utilisateur, des Donn\u00e9es de Navigation. Pour recueillir ces informations, la soci\u00e9t\u00e9 EASY DEPOL a recours aux cookies. Pour en savoir plus \u00e0 ce sujet, nous vous invitons \u00e0 vous r\u00e9f\u00e9rer aux Conditions G\u00e9n\u00e9rales d\u2019Utilisation.<\/p>\n<ol start=\"5\">\n<li><span style=\"text-decoration: underline;\"><strong>FINALIT\u00c9 DE LA COLLECTE DES DONN\u00c9ES PERSONNELLES<\/strong><\/span><\/li>\n<\/ol>\n<p>La collecte et le traitement des Donn\u00e9es Personnelles de l\u2019Utilisateur ont pour objectifs :<\/p>\n<p>\u2013 De mesurer l\u2019audience et l\u2019activit\u00e9 des visiteurs sur le site ;<br \/>\u2013 De r\u00e9pondre \u00e0 vos demandes d\u2019informations et demandes de devis ;<br \/>\u2013 De traiter et g\u00e9rer votre candidature ;<br \/>\u2013 D\u2019am\u00e9liorer l\u2019interactivit\u00e9 du site et partager certains contenus du site sur les plateformes sociales.<\/p>\n<ol start=\"6\">\n<li><span style=\"text-decoration: underline;\"><strong>ACC\u00c8S AUX DONN\u00c9ES PERSONNELLES<\/strong><\/span><\/li>\n<\/ol>\n<p>Toutes les donn\u00e9es \u00e0 caract\u00e8re personnel \u00e9tant confidentielles, leur acc\u00e8s est limit\u00e9 au responsable du traitement, \u00e0 certains collaborateurs de la soci\u00e9t\u00e9 EASY DEPOL et aux \u00e9ventuels sous-traitants avec lesquels la soci\u00e9t\u00e9 EASY DEPOL est li\u00e9e contractuellement notamment concernant des prestations techniques.<\/p>\n<p>En fonction des services utilis\u00e9s sur le Site, les Donn\u00e9es Personnelles peuvent \u00eatre communiqu\u00e9es :<\/p>\n<ul>\n<li>Au service recrutement pour le traitement des candidatures ;<\/li>\n<li>Au service commercial et\/ou communication pour les demandes d\u2019information et de devis ;<\/li>\n<li>Aux prestataires g\u00e9rant les cookies en cas d\u2019acceptation de ceux-ci.<\/li>\n<\/ul>\n<p>La soci\u00e9t\u00e9 EASY DEPOL s\u2019engage \u00e0 ne pas vendre, louer ou c\u00e9der les Donn\u00e9es Personnelles \u00e0 des tiers sans le consentement de la personne concern\u00e9e, \u00e0 moins d\u2019y \u00eatre contraint en raison d\u2019une exigence l\u00e9gale ou r\u00e8glementaire.<\/p>\n<ol start=\"7\">\n<li><span style=\"text-decoration: underline;\"><strong>CONSERVATION DES DONN\u00c9ES PERSONNELLES<\/strong><\/span><\/li>\n<\/ol>\n<p>Dans le cadre des demandes via le(s) formulaire(s) de contact, les Donn\u00e9es Personnelles sont conserv\u00e9es pendant la dur\u00e9e n\u00e9cessaire \u00e0 la finalit\u00e9 du traitement, \u00e0 savoir tant que le contact demeure actif. Dans le cas o\u00f9 ce dernier deviendrait inactif, les Donn\u00e9es Personnelles viendraient \u00e0 \u00eatre supprim\u00e9es dans un d\u00e9lai de 3 ans.<\/p>\n<p>Les Donn\u00e9es de Navigation et les Cookies de mesures d\u2019audience et de partage sont conserv\u00e9s pour une dur\u00e9e maximale de 13 mois \u00e0 compter de la collecte ou du premier d\u00e9p\u00f4t sur le terminal.<\/p>\n<ol start=\"8\">\n<li><span style=\"text-decoration: underline;\"><strong>DROITS RELATIFS AUX DONN\u00c9ES PERSONNELLES<\/strong><\/span><\/li>\n<\/ol>\n<p>L\u2019Utilisateur dispose d\u2019un droit d\u2019acc\u00e8s, de rectification, de suppression et d\u2019opposition au traitement de ses Donn\u00e9es Personnelles en envoyant un email \u00e0 l\u2019adresse <a href=\"mailto:contact@easy-depol.com\">contact@easy-depol.com<\/a> ou un courrier \u00e0 l\u2019adresse suivante :<\/p>\n<p>D\u00e9l\u00e9gu\u00e9 \u00e0 la protection des donn\u00e9es<br \/>EASY DEPOL<br \/>55 rue du Luttin<br \/>77580 VOULANGIS<\/p>\n<p>Toute demande d\u2019exercice d\u2019un droit devra \u00eatre accompagn\u00e9e d\u2019une photocopie de la pi\u00e8ce d\u2019identit\u00e9 portant la signature de l\u2019Utilisateur et elle devra pr\u00e9ciser l\u2019adresse \u00e0 laquelle la r\u00e9ponse devra parvenir.<\/p>\n<p>La soci\u00e9t\u00e9 EASY DEPOL disposera d\u2019un d\u00e9lai d\u2019un mois, \u00e0 compter de la r\u00e9ception de la demande, pour r\u00e9pondre \u00e0 ladite demande.<\/p>\n<ol start=\"9\">\n<li><span style=\"text-decoration: underline;\"><strong>TRANSFERT DES DONN\u00c9ES PERSONNELLES<\/strong><\/span><\/li>\n<\/ol>\n<p>Les Donn\u00e9es Personnelles sont stock\u00e9es sur le territoire de l\u2019Union Europ\u00e9enne et ne font pas l\u2019objet d\u2019un transfert hors de l\u2019Union Europ\u00e9enne.<\/p>\n<p>Dans le cas d\u2019un transfert \u00e0 un destinataire situ\u00e9 hors de l\u2019Union Europ\u00e9enne, la soci\u00e9t\u00e9 EASY DEPOL s\u2019engage \u00e0 tout mettre en \u0153uvre pour assurer un contr\u00f4le des transferts et de les limiter aux pays consid\u00e9r\u00e9s par la CNIL comme prot\u00e9geant suffisamment les Donn\u00e9es Personnelles.<\/p>\n<ol start=\"10\">\n<li><span style=\"text-decoration: underline;\"><strong>MISE \u00c0 JOUR DE LA POLITIQUE<\/strong><\/span><\/li>\n<\/ol>\n<p>La pr\u00e9sente politique de protection des Donn\u00e9es Personnelles peut \u00eatre mise \u00e0 jour \u00e0 tout moment en fonction des besoins de la soci\u00e9t\u00e9 EASY DEPOL\u00a0ou si la r\u00e8glementation l\u2019exige.<\/p>\n<p>Date de derni\u00e8re modification 01\/04\/2021<\/p>\n<p>[\/et_pb_text][\/et_pb_column][\/et_pb_row][\/et_pb_section]<\/p>\n","protected":false},"excerpt":{"rendered":"<p>Politique de protection des donn\u00e9es personnellesLa soci\u00e9t\u00e9 EASY DEPOL s\u2019engage \u00e0 ce que la collecte et le traitement de vos donn\u00e9es, effectu\u00e9s \u00e0 partir du site www.easy-depol.com, soient conformes au r\u00e8glement g\u00e9n\u00e9ral sur la protection des donn\u00e9es (RGPD) et \u00e0 la loi Informatique et Libert\u00e9s. Chaque formulaire limite la collecte des donn\u00e9es personnelles au strict [&hellip;]<\/p>\n","protected":false},"author":1,"featured_media":0,"parent":0,"menu_order":0,"comment_status":"closed","ping_status":"closed","template":"","meta":{"_et_pb_use_builder":"on","_et_pb_old_content":"","_et_gb_content_width":"","footnotes":""},"class_list":["post-997","page","type-page","status-publish","hentry"],"yoast_head":"<!-- This site is optimized with the Yoast SEO plugin v24.9 - https:\/\/yoast.com\/wordpress\/plugins\/seo\/ -->\n<title>Politique de protection des donn\u00e9es personnelles - Easy Depol<\/title>\n<meta name=\"description\" content=\"Vous pouvez consulter notre rubrique &quot; Politique de Protection des Donn\u00e9es Personnelles &quot; sur notre site internet Easy Depol.\" \/>\n<meta name=\"robots\" content=\"index, follow, max-snippet:-1, max-image-preview:large, max-video-preview:-1\" \/>\n<link rel=\"canonical\" href=\"https:\/\/easy-depol.com\/index.php\/politique-de-protection-des-donnees-personnelles\/\" \/>\n<meta property=\"og:locale\" content=\"fr_FR\" \/>\n<meta property=\"og:type\" content=\"article\" \/>\n<meta property=\"og:title\" content=\"Politique de protection des donn\u00e9es personnelles - Easy Depol\" \/>\n<meta property=\"og:description\" content=\"Vous pouvez consulter notre rubrique &quot; Politique de Protection des Donn\u00e9es Personnelles &quot; sur notre site internet Easy Depol.\" \/>\n<meta property=\"og:url\" content=\"https:\/\/easy-depol.com\/index.php\/politique-de-protection-des-donnees-personnelles\/\" \/>\n<meta property=\"og:site_name\" content=\"Easy Depol\" \/>\n<meta property=\"article:modified_time\" content=\"2021-03-31T11:14:24+00:00\" \/>\n<meta name=\"twitter:card\" content=\"summary_large_image\" \/>\n<meta name=\"twitter:label1\" content=\"Dur\u00e9e de lecture estim\u00e9e\" \/>\n\t<meta name=\"twitter:data1\" content=\"6 minutes\" \/>\n<script type=\"application\/ld+json\" class=\"yoast-schema-graph\">{\"@context\":\"https:\/\/schema.org\",\"@graph\":[{\"@type\":\"WebPage\",\"@id\":\"https:\/\/easy-depol.com\/index.php\/politique-de-protection-des-donnees-personnelles\/\",\"url\":\"https:\/\/easy-depol.com\/index.php\/politique-de-protection-des-donnees-personnelles\/\",\"name\":\"Politique de protection des donn\u00e9es personnelles - Easy Depol\",\"isPartOf\":{\"@id\":\"https:\/\/easy-depol.com\/#website\"},\"datePublished\":\"2021-03-29T15:45:07+00:00\",\"dateModified\":\"2021-03-31T11:14:24+00:00\",\"description\":\"Vous pouvez consulter notre rubrique \\\" Politique de Protection des Donn\u00e9es Personnelles \\\" sur notre site internet Easy Depol.\",\"breadcrumb\":{\"@id\":\"https:\/\/easy-depol.com\/index.php\/politique-de-protection-des-donnees-personnelles\/#breadcrumb\"},\"inLanguage\":\"fr-FR\",\"potentialAction\":[{\"@type\":\"ReadAction\",\"target\":[\"https:\/\/easy-depol.com\/index.php\/politique-de-protection-des-donnees-personnelles\/\"]}]},{\"@type\":\"BreadcrumbList\",\"@id\":\"https:\/\/easy-depol.com\/index.php\/politique-de-protection-des-donnees-personnelles\/#breadcrumb\",\"itemListElement\":[{\"@type\":\"ListItem\",\"position\":1,\"name\":\"Accueil\",\"item\":\"https:\/\/easy-depol.com\/\"},{\"@type\":\"ListItem\",\"position\":2,\"name\":\"Politique de protection des donn\u00e9es personnelles\"}]},{\"@type\":\"WebSite\",\"@id\":\"https:\/\/easy-depol.com\/#website\",\"url\":\"https:\/\/easy-depol.com\/\",\"name\":\"Easy Depol\",\"description\":\"L&#039;ing\u00e9nierie 2.0\",\"potentialAction\":[{\"@type\":\"SearchAction\",\"target\":{\"@type\":\"EntryPoint\",\"urlTemplate\":\"https:\/\/easy-depol.com\/?s={search_term_string}\"},\"query-input\":{\"@type\":\"PropertyValueSpecification\",\"valueRequired\":true,\"valueName\":\"search_term_string\"}}],\"inLanguage\":\"fr-FR\"}]}<\/script>\n<!-- \/ Yoast SEO plugin. -->","yoast_head_json":{"title":"Politique de protection des donn\u00e9es personnelles - Easy Depol","description":"Vous pouvez consulter notre rubrique \" Politique de Protection des Donn\u00e9es Personnelles \" sur notre site internet Easy Depol.","robots":{"index":"index","follow":"follow","max-snippet":"max-snippet:-1","max-image-preview":"max-image-preview:large","max-video-preview":"max-video-preview:-1"},"canonical":"https:\/\/easy-depol.com\/index.php\/politique-de-protection-des-donnees-personnelles\/","og_locale":"fr_FR","og_type":"article","og_title":"Politique de protection des donn\u00e9es personnelles - Easy Depol","og_description":"Vous pouvez consulter notre rubrique \" Politique de Protection des Donn\u00e9es Personnelles \" sur notre site internet Easy Depol.","og_url":"https:\/\/easy-depol.com\/index.php\/politique-de-protection-des-donnees-personnelles\/","og_site_name":"Easy Depol","article_modified_time":"2021-03-31T11:14:24+00:00","twitter_card":"summary_large_image","twitter_misc":{"Dur\u00e9e de lecture estim\u00e9e":"6 minutes"},"schema":{"@context":"https:\/\/schema.org","@graph":[{"@type":"WebPage","@id":"https:\/\/easy-depol.com\/index.php\/politique-de-protection-des-donnees-personnelles\/","url":"https:\/\/easy-depol.com\/index.php\/politique-de-protection-des-donnees-personnelles\/","name":"Politique de protection des donn\u00e9es personnelles - Easy Depol","isPartOf":{"@id":"https:\/\/easy-depol.com\/#website"},"datePublished":"2021-03-29T15:45:07+00:00","dateModified":"2021-03-31T11:14:24+00:00","description":"Vous pouvez consulter notre rubrique \" Politique de Protection des Donn\u00e9es Personnelles \" sur notre site internet Easy Depol.","breadcrumb":{"@id":"https:\/\/easy-depol.com\/index.php\/politique-de-protection-des-donnees-personnelles\/#breadcrumb"},"inLanguage":"fr-FR","potentialAction":[{"@type":"ReadAction","target":["https:\/\/easy-depol.com\/index.php\/politique-de-protection-des-donnees-personnelles\/"]}]},{"@type":"BreadcrumbList","@id":"https:\/\/easy-depol.com\/index.php\/politique-de-protection-des-donnees-personnelles\/#breadcrumb","itemListElement":[{"@type":"ListItem","position":1,"name":"Accueil","item":"https:\/\/easy-depol.com\/"},{"@type":"ListItem","position":2,"name":"Politique de protection des donn\u00e9es personnelles"}]},{"@type":"WebSite","@id":"https:\/\/easy-depol.com\/#website","url":"https:\/\/easy-depol.com\/","name":"Easy Depol","description":"L&#039;ing\u00e9nierie 2.0","potentialAction":[{"@type":"SearchAction","target":{"@type":"EntryPoint","urlTemplate":"https:\/\/easy-depol.com\/?s={search_term_string}"},"query-input":{"@type":"PropertyValueSpecification","valueRequired":true,"valueName":"search_term_string"}}],"inLanguage":"fr-FR"}]}},"_links":{"self":[{"href":"https:\/\/easy-depol.com\/index.php\/wp-json\/wp\/v2\/pages\/997","targetHints":{"allow":["GET"]}}],"collection":[{"href":"https:\/\/easy-depol.com\/index.php\/wp-json\/wp\/v2\/pages"}],"about":[{"href":"https:\/\/easy-depol.com\/index.php\/wp-json\/wp\/v2\/types\/page"}],"author":[{"embeddable":true,"href":"https:\/\/easy-depol.com\/index.php\/wp-json\/wp\/v2\/users\/1"}],"replies":[{"embeddable":true,"href":"https:\/\/easy-depol.com\/index.php\/wp-json\/wp\/v2\/comments?post=997"}],"version-history":[{"count":5,"href":"https:\/\/easy-depol.com\/index.php\/wp-json\/wp\/v2\/pages\/997\/revisions"}],"predecessor-version":[{"id":1113,"href":"https:\/\/easy-depol.com\/index.php\/wp-json\/wp\/v2\/pages\/997\/revisions\/1113"}],"wp:attachment":[{"href":"https:\/\/easy-depol.com\/index.php\/wp-json\/wp\/v2\/media?parent=997"}],"curies":[{"name":"wp","href":"https:\/\/api.w.org\/{rel}","templated":true}]}}